552481 a prime number?
True
Is 900409 a prime number?
True
Is 2057633 prime?
True
Is 15075659 a prime number?
False
Is 102294587 composite?
False
Is 15967271 a prime number?
True
Is 207853 a prime number?
False
Is 12761794 composite?
True
Is 4305797 composite?
True
Is 535259951 a prime number?
True
Is 12577063 a composite number?
False
Is 46988627 composite?
True
Is 250598383 prime?
False
Is 28764887 a prime number?
True
Is 10193387 prime?
False
Is 162231089 prime?
False
Is 4574027 composite?
False
Is 18155527 composite?
True
Is 3711581 a prime number?
False
Is 207033742 a composite number?
True
Is 6904138 composite?
True
Is 30029 a composite number?
False
Is 19389581 a composite number?
False
Is 5962243 a composite number?
True
Is 20382511 prime?
False
Is 9989191 a composite number?
False
Is 35818049 prime?
True
Is 1508891 a prime number?
False
Is 674249 a prime number?
True
Is 19189979 a prime number?
True
Is 6152369 prime?
True
Is 377459 a prime number?
True
Is 367885499 prime?
False
Is 445718006 prime?
False
Is 58159403 a prime number?
True
Is 8170661 composite?
True
Is 537497 composite?
False
Is 175392229 a composite number?
False
Is 68230139 a composite number?
False
Is 14294173 composite?
True
Is 55776247 a composite number?
False
Is 81414817 a composite number?
True
Is 299141 a composite number?
True
Is 641123267 composite?
False
Is 1249111 a prime number?
True
Is 155563483 composite?
False
Is 90081653 prime?
False
Is 717629 a composite number?
True
Is 5026633 prime?
True
Is 86611817 prime?
False
Is 1928307 composite?
True
Is 43508639 prime?
False
Is 428854469 a prime number?
True
Is 1180843 a prime number?
False
Is 25086017 composite?
True
Is 1967789 a prime number?
True
Is 1793267 composite?
True
Is 8582963 composite?
False
Is 109143577 composite?
False
Is 7645601 composite?
False
Is 7128907 a composite number?
False
Is 17371127 prime?
False
Is 784253 prime?
False
Is 22981769 a prime number?
True
Is 1032751 prime?
True
Is 23427919 a composite number?
True
Is 4663753 prime?
False
Is 12976681 prime?
True
Is 3583757 prime?
True
Is 57393359 a prime number?
True
Is 48729451 prime?
True
Is 58389 prime?
False
Is 137126603 a prime number?
False
Is 738331 a composite number?
True
Is 610779527 a composite number?
True
Is 19386109 a prime number?
True
Is 136497797 a prime number?
True
Is 27947593 composite?
True
Is 8082199 prime?
True
Is 2225159 composite?
False
Is 3678481 a composite number?
False
Is 36256727 a composite number?
True
Is 35466997 composite?
True
Is 10975583 prime?
True
Is 4136069 a prime number?
False
Is 25131745 prime?
False
Is 186779623 composite?
True
Is 4464491 a composite number?
False
Is 13995791 composite?
False
Is 1350439 composite?
True
Is 315193 composite?
False
Is 52489 a composite number?
False
Is 7836919 a prime number?
False
Is 36380317 prime?
True
Is 519247 a prime number?
True
Is 176700853 a prime number?
False
Is 12892591 prime?
True
Is 125389217 prime?
False
Is 15039641 prime?
True
Is 58471169 composite?
False
Is 4767709 prime?
False
Is 6968987 prime?
False
Is 8612173 prime?
False
Is 90520711 prime?
True
Is 7222849 a prime number?
True
Is 4902809 composite?
True
Is 7907 a prime number?
True
Is 62119613 composite?
False
Is 522923 a prime number?
False
Is 9757 composite?
True
Is 156406213 prime?
True
Is 2179589 a prime number?
True
Is 28359269 composite?
True
Is 2975474679 a prime number?
False
Is 77979565 composite?
True
Is 171623207 prime?
False
Is 9571531 prime?
True
Is 24483577 a composite number?
True
Is 5026589 composite?
False
Is 86321 composite?
True
Is 467584493 composite?
False
Is 1343171 a prime number?
False
Is 39445631 composite?
True
Is 2558879 composite?
False
Is 50000491 composite?
False
Is 2990903 prime?
False
Is 14107417 composite?
True
Is 491867 prime?
True
Is 6830729 a composite number?
False
Is 355637803 composite?
False
Is 2343377 prime?
False
Is 104704921 a prime number?
False
Is 604820779 composite?
False
Is 165565767 composite?
True
Is 595073813 composite?
True
Is 369833887 a prime number?
True
Is 302898617 composite?
True
Is 66322301 prime?
True
Is 37756331 composite?
False
Is 40702127 a prime number?
True
Is 5758513 prime?
True
Is 167559757 a composite number?
True
Is 6554527 composite?
True
Is 1903039 composite?
True
Is 49858409 a composite number?
False
Is 7769947 prime?
True
Is 2105947 prime?
True
Is 1513555 a prime number?
False
Is 21176549 prime?
True
Is 17289029 a prime number?
False
Is 19652231 a composite number?
True
Is 3120501 prime?
False
Is 4001509 a composite number?
False
Is 166411 a prime number?
False
Is 85579657 prime?
False
Is 20348953 a composite number?
False
Is 10349573 a composite number?
True
Is 206623 a prime number?
True
Is 1209911 composite?
True
Is 2215549 a prime number?
False
Is 354514081 a composite number?
False
Is 27222263 a prime number?
True
Is 15739435 a prime number?
False
Is 2824933 composite?
False
Is 32298973 a prime number?
False
Is 25965463 prime?
False
Is 62269863 prime?
False
Is 1539637 a composite number?
True
Is 85801037 prime?
False
Is 5227567 a composite number?
True
Is 26955727 a prime number?
False
Is 58827833 composite?
False
Is 138565577 prime?
True
Is 5188093 prime?
False
Is 288307581 prime?
False
Is 74839247 a composite number?
True
Is 160858319 a prime number?
True
Is 5623 composite?
False
Is 23946463 a composite number?
False
Is 15343661 a prime number?
True
Is 20665529 a composite number?
False
Is 2188133 prime?
False
Is 1324117 prime?
True
Is 152965 a composite number?
True
Is 426131 composite?
False
Is 99456961 prime?
True
Is 3161953 a composite number?
False
Is 1396416257 a prime number?
True
Is 29826383 composite?
False
Is 3024397 a prime number?
False
Is 149603483 prime?
False
Is 8955241 prime?
True
Is 106113319 a composite number?
True
Is 8000057 a prime number?
False
Is 58837641 a composite number?
True
Is 11658671 prime?
True
Is 454768151 prime?
True
Is 7370821 composite?
True
Is 251417 prime?
True
Is 81699731 a prime number?
True
Is 43898549 a prime number?
True
Is 15901313 a prime number?
True
Is 2164571 prime?
True
Is 395932415 prime?
False
Is 1354711 a prime number?
True
Is 996481 composite?
True
Is 1954027 a composite number?
True
Is 5860843 a composite number?
False
Is 1951193 prime?
True
Is 16370741 a composite number?
False
Is 37016173 prime?
True
Is 947579 a prime number?
True
Is 3083017 composite?
True
Is 51385837 composite?
False
Is 187746179 a prime number?
False
Is 246682451 a prime number?
True
Is 128327105 prime?
False
Is 2331287 composite?
True
Is 178882607 prime?
True
Is 18460361 prime?
False
Is 12510443 a prime number?
False
Is 1772443 a prime number?
False
Is 392836133 composite?
False
Is 1650954629 a prime number?
True
Is 129811733 composite?
True
Is 8326663 a composite number?
True
Is 16259651 composite?
False
Is 99900649 composite?
False
Is 1437817 a prime number?
True
Is 669005 a prime number?
False
Is 96318913 a prime number?
True
Is 118716277 a composite number?
False
Is 286073 prime?
True
Is 3901757 prime?
True
Is 104156821 a prime number?
True
Is 831970439 composite?
False
Is 292938349 a composite number?
True
Is 80274419 a prime number?
False
Is 1413395 prime?
False
Is 8480389 composite?
True
Is 14237191 composite?
False
Is 28719121 a composite number?
True
Is 77119993 prime?
False
Is 6877459 prime?
False
Is 97667753 prime?
False
Is 574489 composite?
False
Is 10728539 prime?
True
Is 2355629 a prime number?
True
Is 210655 a composite number?
True
Is 8966591 composite?
False
Is 114553 a composite number?
False
Is 15040901 composite?
False
Is 834065957 composite?
False
Is 477421601 composite?
False
Is 524047613 a prime number?
False
Is 7037957 composite?
False
Is 599644243 a prime number?
False
Is 3283717 composite?
False
Is 3630521 a prime number?
True
Is 35912519 a prime number?
True
Is 714838771 composite?
True
Is 1806479 a prime number?
True
Is 694227713 composite?
False
Is 605077441 prime?
False
Is 8649581 composite?
False
Is 1544843 prime?
False
Is 219092789 composite?
False
Is 46715633 a prime number?
True
Is 18156757 composite?
False
Is 27368473 prime?
False
Is 15360971 prime?
True
Is 1440115 a composite number?
True
Is 125745167 a composite number?
False
Is 49144883 a composite number